, 47
Let f = -2179 + 3517. What are the prime factors of f?
2, 3, 223
Suppose -4*w - 309 = 3*i, -3*w + 12 - 3 = 0. Suppose -900 = -6*j + 9*j. Let l = i - j. What are the prime factors of l?
193
Let s(w) = 281*w**2 - 634*w + 1906. What are the prime factors of s(3)?
17, 149
Suppose -3*c + 21 - 3 = 0. Suppose c*i + 396 = 8*i. List the prime factors of i.
2, 3, 11
Let c(m) = -2*m**3 - 10*m**2 - 2*m + 10. Let q = 295 - 301. What are the prime factors of c(q)?
2, 47
Let d(z) = z**2 + z + 5. Suppose 0 = -7*j + 8*j. Let t be d(j). Suppose 216 = t*b + 3*x + 77, -3*b - 5*x + 93 = 0. What are the prime factors of b?
2, 13
Suppose -23*h - 68040 = 17*h. List the prime factors of 2*(h/(-4) - 1/(-4)).
23, 37
Let v(l) = l**2 - l - 1061. List the prime factors of v(77).
3, 1597
Let q(k) = -22*k**3 - 5*k**2 + 3*k + 15. Let b be q(-4). Suppose -g + 659 = 5*a - a, 2*g = 5*a + b. What are the prime factors of g?
3, 13, 17
Suppose 5*w + 17 - 79 = 2*h, -4*h - 3*w - 72 = 0. Let q(o) = -28*o - 70. What are the prime factors of q(h)?
2, 7, 37
Let q(w) be the first derivative of -w**3/3 + 4*w**2 + 10*w - 13. Let p be q(9). Let l(u) = 70*u**3 + u**2 + u - 2. List the prime factors of l(p).
2, 5, 7
Suppose 195*o - 14410248 = -224*o. List the prime factors of o.
2, 3, 1433
Let r be -8*-7*-2*(-20)/(-32). Let p = 133 + r. Suppose a - h - 6 - p = 0, 5*a + 4*h - 300 = 0. List the prime factors of a.
2
Let j(g) = -2*g**3 - 15*g**2 - 13. Let y(m) = m**2 - 22*m + 112. Let k be y(12). List the prime factors of j(k).
3, 17
Let a = 48 - 36. Let j = -12 + a. Suppose 3*i = q + 4*i - 8, 5*q - 3*i = j. What are the prime factors of q?
3
Let q be (80/9)/4 + 16/(-72). Suppose -h + 14 = -4*h + 5*t, -4*h = -q*t. Suppose -3*k + 357 = z + h*z, 2*k - 601 = -5*z. List the prime factors of z.
11
Let a(s) = 5*s - 22. Let k be a(5). Suppose -5*f = 3*h - 775 + 93, 637 = k*h - 4*f. Suppose -5*p = -406 - h. What are the prime factors of p?
5
Let i be ((-6)/(-12))/((-5)/(-28380)). Suppose -4164 = -6*b + i. What are the prime factors of b?
3, 389
Let r(n) = 36*n**2 - 39*n + 40. Let i be r(32). Suppose -19124 - i = -44*s. List the prime factors of s.
3, 5, 83
Let h(b) = -612*b + 3010. What are the prime factors of h(-35)?
2, 5, 7, 349
Let l = 802 + -518. Let p = l + 1004. What are the prime factors of p?
2, 7, 23
Let l = -4284 + 9448. List the prime factors of l.
2, 1291
Let b = 26741 + -1391. What are the prime factors of b?
2, 3, 5, 13
Let s(l) = 3*l**2 - 8*l - 9. Let k be s(-55). Suppose 0 = 32*c + 3298 - k. What are the prime factors of c?
2, 97
Suppose -20 = 4*f, -12*z - 2376 = -8*z - 4*f. Let u = z + 1041. List the prime factors of u.
2, 13, 17
Let u(c) = -c**3 - 19*c**2 - 27*c + 5. Let h be u(-19). Let i be (-18)/45 - h/5. Let a = 257 + i. List the prime factors of a.
3, 17
Let k be (2*-1)/((-8)/(-12)). Let l be (-20)/(-15)*k*114/8. Let b = l - -294. List the prime factors of b.
3, 79
Suppose 2*v + 4*z = 3814, -5794 - 3729 = -5*v + 2*z. Suppose -498 = -9*q + v. List the prime factors of q.
3, 89
Let m(o) = 5*o**2 + o. Let p be m(-2). Let x be ((-3)/2)/(1/2) + 32. Let u = x - p. What are the prime factors of u?
11
Let r = -1844 - -1311. Let s = 1018 + r. What are the prime factors of s?
5, 97
Suppose -51*r + 300635 + 155305 = 0. List the prime factors of r.
2, 3, 5, 149
Let s(n) be the third derivative of -n**6/120 - n**5/15 + n**4/8 - 9*n**3/2 + 17*n**2 - n. What are the prime factors of s(-8)?
5, 41
Let o(h) = h**3 + 79*h**2 - 27*h + 127. What are the prime factors of o(-77)?
2, 3, 293
Let l = 11438 - -1181. List the prime factors of l.
12619
Let t(m) = 69*m**2 + 2*m - 4. Let o be t(2). Suppose 6*j - 8*j = -o. Suppose 885 = 9*a + j. What are the prime factors of a?
83
Let g = 325 + -317. Suppose -v = -g*h + 7*h + 190, -h = -5*v - 178. What are the prime factors of h?
193
Suppose 94*r - 4*r - 3246675 = 15*r. What are the prime factors of r?
73, 593
Suppose 0 = 2*u + 1 - 79. Let l = u + 218. List the prime factors of l.
257
Let k(q) = -331*q + 1. Let w be k(-6). Suppose 4*i - w - 1253 = 0. Suppose -2*z + i = 3*z. What are the prime factors of z?
2, 3
Let b(s) = -2*s**3 - 121*s**2 - 213*s - 161. List the prime factors of b(-68).
67, 1249
List the prime factors of (-18)/(-15) + 39/(-195) + 87732.
59, 1487
Let a(v) be the first derivative of -125*v**2/2 - 18*v + 9. Let m(x) = -63*x - 9. Let i(o) = 3*a(o) - 7*m(o). What are the prime factors of i(3)?
3, 23
Let g be (-4988)/(-290) + 12/(-10) + 1. Let x(s) = 11*s + g - 9 - 2*s**2 + 28 + 3*s**2. List the prime factors of x(-16).
2, 29
Let c(w) = 24*w + 177. Let s be c(-7). Let j(t) = 92*t - 78. List the prime factors of j(s).
2, 3, 5
Let h(r) = -334*r - 4. Let v be h(1). Let q = v - -435. List the prime factors of q.
97
Let f be (-27)/36 - (-3)/((-24)/(-454)). Let m = f - 52. Let d(u) = 2*u**2 + 2*u + 8. List the prime factors of d(m).
2, 3
What are the prime factors of (-24)/(12 - (-32706)/(-2724))?
2, 227
Let l(u) = -14*u - 106. Let f be l(-8). Suppose f*n = 2307 + 591. What are the prime factors of n?
3, 7, 23
Let m(r) = 361*r**2 + 112*r + 939. What are the prime factors of m(-9)?
2, 3, 11, 13, 17
Let v = 12203 - 3643. List the prime factors of v.
2, 5, 107
Let c(n) = -3*n + 185. Let a be c(37). Suppose 6*r = a + 6544. What are the prime factors of r?
1103
Let k(i) = -26*i + 3. Let o(b) = 28*b - 4. Let l(u) = -7*k(u) - 6*o(u). List the prime factors of l(3).
3, 5
Suppose -2*p = u - 350 + 60, 278 = u - p. Let h = 335 - u. What are the prime factors of h?
53
Suppose -8*q + 7*q + 10 = 0. Let c be 6/15 - (-656)/q. List the prime factors of (2 + 1)/(c/1628).
2, 37
Suppose -4*t + 0 = y - 18, y - t = -7. Let h(x) = -3*x + 0 - 4 + 33*x**2 + 2*x + 1. What are the prime factors of h(y)?
131
Let u = 454 - 174. Suppose 0 = 4*t - u - 532. What are the prime factors of t?
7, 29
Let t(v) = -5*v**2 + 0*v + 6*v - v + 6 + v**3 - v. Let f be t(3). Suppose f = 3*s + 4*a - 8, -3*s + 2*a - 5*a = -12. What are the prime factors of s?
2
Let w be (-15 - -10)/(0 - 1). Let k = w + 4. Suppose -15 = -5*h - u, -4*h = -h + 5*u - k. What are the prime factors of h?
3
Let z(h) = -5*h + 35 + 3*h - h. Suppose 1078 - 41 = -11*o - 50*o. List the prime factors of z(o).
2, 43
Suppose -3 = -4*k + 5. Suppose -k*n + m = 2*n - 652, -2*m = 8. Suppose -t = 8*t - n. What are the prime factors of t?
2, 3
Let o be 288/126 - 2/7. Suppose 14*i + 3 = 11*i, -o*v + 115 = i. What are the prime factors of v?
2, 29
Let q be 16116/(-28) - (-2 - 40/(-28)). Let b = 782 + q. List the prime factors of b.
3, 23
Let g(k) = -3020*k - 25. List the prime factors of g(-2).
3, 5, 401
Let g be (-10)/(-35) + (-668)/(-14). What are the prime factors of (-4)/(g/(-13191)) - (-1)/(-4)?
7, 157
Suppose -132*n + 53213 + 273619 = 0. What are the prime factors of n?
2, 619
Let y = 0 + 0. Let h(s) be the first derivative of -4*s**2 + 4*s - 522. List the prime factors of h(y).
2
Suppose 282 = j - 0*j. Suppose 4*k + q - j = 0, -205 = -2*k - k - 4*q. Suppose 0 = 4*m - k - 29. List the prime factors of m.
5
Let k(q) = q**2 + 12*q + 11. Let w be k(8). Suppose w*x = 166*x + 5200. What are the prime factors of x?
2, 5, 13
Let s(z) = 16624*z**2 + 548*z + 10. What are the prime factors of s(2)?
2, 3, 19, 593
Suppose -23*l + 143378 = -23901. List the prime factors of l.
7, 1039
Suppose -2*v + 64 = 56. Suppose -5*f + 8721 = v*q, -5*f + f + 6960 = -q. What are the prime factors of f?
1741
Let a = -676 - -3822. List the prime factors of a.
2, 11, 13
Let g = 17903 - 10306. List the prime factors of g.
71, 107
Let v(u) = -19*u**3 + 4*u**2 + 10*u - 9. Suppose -54 = -54*b + 72*b. List the prime factors of v(b).
2, 3, 5, 17
Let c be 2/(1/(-2)*(-9 - -13)). Let n(f) = -86*f**3 - 3*f**2 - 4*f - 2. List the prime factors of n(c).
5, 17
Let i = 37924 + -31416. List the prime factors of i.
2, 1627
Let d(s) = -12*s**2 + 1110*s + 106. What are the prime factors of d(86)?
2, 3407
What are the prime factors of (-2)/3 + 249470/57?
2, 547
Suppose -23690 = -3*f - s, 0 = -5*f - 4*s + 13150 + 26317. What are the prime factors of f?
3, 2633
List the prime factors of (36/(-60))/((-36)/1123860).
18731
Suppose -4*m + 8 = -3*m. Let i = -29 - m. Let n = 63 + i. What are the prime factors of n?
2, 13
Suppose 0 = -2*m + a, -3*m = 4*a - 12 + 34. Let o be ((-224)/42